6
Suppose 5*h - 9*h + 2*w = -202, -4*h - w = -187. What is the highest common factor of h and 432?
48
Suppose -49*h + 50*h = -2*i + 141, -5*h - 4*i + 687 = 0. What is the highest common factor of h and 108?
27
Suppose -5*m + 629 = 194. Let j(y) = 13 - y - y - 3*y. Let f be j(-9). What is the highest common divisor of m and f?
29
Let l be (-4)/(-6)*(10 - -23). Let h = -18 + l. Suppose -2*u - u + f + 5 = 0, h*u - f - 6 = 0. Calculate the greatest common factor of 9 and u.
1
Let g = 69 + -36. Let d be 4/(-6) - (-220)/g. What is the highest common factor of 6 and d?
6
Let b(p) = p**2 + 13*p - 32. Let y be b(-23). What is the greatest common factor of y and 44?
22
Let t = -23 - -28. Suppose 15 = t*i - 35. Calculate the greatest common divisor of 15 and i.
5
Suppose -41*p - 2852 + 10519 = 0. What is the greatest common factor of p and 66?
11
Suppose z + 293 = 4*i, 6*z = 8*z + 10. What is the highest common divisor of i and 48?
24
Suppose -2*w - w + 3 = 0, -s + 5*w + 163 = 0. What is the highest common divisor of 24 and s?
24
Suppose 4*p + 9 + 23 = -3*r, -3*r + 8 = -4*p. Let d be (-9)/(-1) + (-5 - 1 - p). Calculate the greatest common divisor of d and 56.
8
Let x = -629 - -1313. Calculate the greatest common factor of 76 and x.
76
Suppose 0*h - 3*z = 5*h - 44, 4*z + 30 = 6*h. Let o = 0 - -7. What is the highest common divisor of h and o?
7
Let u = -8 + 25. Let o be 0 + -1 + 4 + u. Let b = 184 - 84. What is the greatest common divisor of o and b?
20
Let t(h) = h**2 + 4*h. Let o be t(6). Let b = 661 - 586. What is the highest common factor of b and o?
15
Let d(u) = 127*u**2 - 2. Let j be d(-2). Let o(l) = l**2 + 21*l + 46. Let v be o(0). What is the highest common factor of v and j?
46
Suppose 0 = -0*w - 5*w + 5*u + 30, 5*w + 5*u = 0. Calculate the greatest common factor of 3 and w.
3
Let h(j) = j**3 - 19*j**2 - 21*j + 85. Let i be h(20). Calculate the highest common divisor of i and 52.
13
Suppose 8*m = 10*m - 64. Suppose 5*j - 200 = -4*s - s, j = s + m. What is the highest common divisor of j and 54?
18
Suppose 3*r - 1 = -28. Let z = r - -18. What is the highest common factor of z and 18?
9
Suppose -16*o + 369 + 303 = 0. Calculate the highest common divisor of 1659 and o.
21
Let u be 22 + 0/(-12) + (-10)/2. Let z = 241 - 105. What is the highest common divisor of z and u?
17
Let j be ((-9)/(-6) + -2)*(0 - 0). Suppose 169 = u - 3*k, -5*u + k = -j*u - 775. Calculate the greatest common divisor of u and 22.
22
Suppose 714 = 6*t + 204. Calculate the highest common divisor of t and 680.
85
Let k be (-54)/6 - -681 - -3. What is the greatest common factor of k and 150?
75
Suppose 0 = -28*r + 23*r + 280. What is the greatest common divisor of 16 and r?
8
Suppose 0*x + 1188 = 4*x. Let t be (2/(-3))/((-22)/x). Suppose 0*v + t = 3*v. What is the highest common divisor of v and 24?
3
Let q = -121 + 95. Let c be 5 + (-4)/(-3)*39/q. Let n(u) = -u + 21. Let v be n(0). Calculate the greatest common divisor of v and c.
3
Let n(r) = 22*r**3 - 7*r**2 + 2. Let a be n(2). Calculate the highest common factor of a and 100.
50
Let o = 1543 + -1502. What is the highest common factor of o and 164?
41
Let k = 69 + -65. Calculate the highest common factor of 52 and k.
4
Let i = 22 + 4. Let a be (3 + 0 - 0)*i/6. Calculate the highest common divisor of 13 and a.
13
Let t(l) = -23*l**3 - 46*l**2 - 7*l - 8. Let g be t(-4). Calculate the highest common divisor of 81 and g.
27
Let t(p) = -2*p**2 - 9*p + 8. Let m(k) = -3*k**2 - 19*k + 16. Let z(n) = -3*m(n) + 5*t(n). Let h be z(10). Calculate the highest common divisor of 12 and h.
12
Let t = 146 - 65. Suppose -6*q + 27 = -3*q + 3*i, -2*q + 18 = -3*i. What is the greatest common factor of t and q?
9
Suppose 5*a = -0 + 15, -3*c + 141 = 4*a. What is the highest common factor of 2537 and c?
43
Suppose 0 = 2*m - 3*r + 1178, 2*m + 4*r + 1007 = -171. Let s be (-2)/12 + m/(-6). Let q be 0 + (-42)/(-3*1). Calculate the highest common factor of s and q.
14
Let n(m) = m**2 + 17*m - 47. Let c be n(-19). Let g = 37 - 19. Let q = g + c. What is the greatest common divisor of 45 and q?
9
Suppose -7*b + 125 = -407. Suppose 0 = y - 203 - b. Calculate the highest common divisor of 31 and y.
31
Let c be (-2)/(-4)*(-60)/(-6). Suppose 0 = -c*f + 2*l + 88, 29 = 5*f - 4*l - 67. Calculate the highest common factor of f and 80.
16
Let h be (1 + 9 - -2)*1. Suppose -2*w - 60 = -6*w. Let z = -12 + w. What is the highest common divisor of h and z?
3
Suppose -3*d = 2*d - 15. Let a be (-585)/(-12) - d/36*9. Let m be (-34)/(-3) - 4/(-6). Calculate the highest common divisor of m and a.
12
Let l(g) = 4*g**2 + 3*g + 4. Let t be (1/(-2))/(3/18). Let c be l(t). Calculate the highest common factor of 124 and c.
31
Let o = -1043 - -1159. Calculate the greatest common divisor of 638 and o.
58
Suppose 3*v + 432 = 6*v. Suppose 4*o - v = -0*o. Suppose -2*n = n + 5*a - 2, -4*n - 2*a + 26 = 0. What is the greatest common divisor of o and n?
9
Suppose -7*n = -9*n + 78. Suppose -2*j + 9 + n = 0. What is the highest common factor of 12 and j?
12
Suppose 262 = 13*w - 11*w. Let n = 186 - w. Calculate the highest common divisor of n and 11.
11
Let n = -18 - -18. Suppose 3*f - 57 = -n*a - 2*a, 2*f = a - 18. Calculate the greatest common factor of 60 and a.
12
Let u(l) = -52*l. Let i be u(-5). Let b = i + -62. Let y be 6/(-2)*(-24)/4. Calculate the highest common factor of y and b.
18
Suppose -4*n - 58 + 10 = 0. Let c be (-18)/n*32/6. Calculate the highest common factor of c and 56.
8
Let p(f) = -33*f - 72. Let m be p(-8). Suppose -4*t - m = -16*t. Calculate the highest common factor of 48 and t.
16
Suppose 2*g + 502 = 7942. Let v be g/28 + (-2)/(-14). Let y(i) = -i**3 + 7*i**2 - 4*i + 7. Let q be y(6). What is the greatest common factor of q and v?
19
Let t(f) = -f**2 - 6*f + 19. Let y be t(-8). Suppose 5*h = -4*m - 17, 3*m - 2 = -y*h - 11. What is the greatest common divisor of m and 2?
2
Suppose 0 = -3*s - 12, -s = y - 0*s - 5. Let z = 178 - 151. What is the highest common divisor of y and z?
9
Suppose -b + 35 = 2*n, -4*b + 5*b - 3*n - 55 = 0. Calculate the highest common factor of b and 43.
43
Suppose -12 = -0*b - 4*b. Suppose j = -b*u + 707, 4*j = 2*u + u - 727. Let z be u/9 - (-2)/3. Calculate the highest common factor of 108 and z.
27
Let r be 6/(-30) - 86/(-5). Suppose -1155 = -r*s + 12*s. What is the greatest common divisor of 33 and s?
33
Let o be -5 - (-322 - (10 - 12)). What is the highest common divisor of 75 and o?
15
Let v be -3*4/(-6) + 186 + -34. Calculate the greatest common divisor of v and 14.
14
Let b be 1/3 - (-2891)/21. Suppose -2*x - 3*q + 89 = 0, 6*x - 4*q = 4*x + 96. What is the highest common factor of x and b?
46
Suppose -4*m + s + 51 = 0, 5*m = -4*s - 0*s + 69. Suppose 2 = -6*d - 22. Let w be d/(-8) + 51/2. Calculate the greatest common factor of m and w.
13
Suppose 3*s - 5*c = -0*s + 4454, -4*s + 5944 = -4*c. Calculate the highest common divisor of s and 93.
93
Suppose y - 9 = -0. Let z be -2 + 2 + (3 - 2). What is the greatest common factor of z and y?
1
Let r be 1*-27*(-30)/90. What is the highest common factor of r and 3?
3
Let g be (8/(-10))/(4 - (-38772)/(-9690)). Calculate the greatest common divisor of 17 and g.
17
Suppose 0 = -3*s + o + 4688, 0 = -3*s - o + 4312 + 366. What is the greatest common divisor of s and 7?
7
Let g(v) = -6*v. Let w be g(2). Let x = w - -14. Suppose -3*t + x = -5*k + 1, 2*k - 8 = 0. Calculate the highest common divisor of 14 and t.
7
Let z = 118 + -39. Suppose 3*v - z = -7. Let c(p) = 10*p. Let o be c(6). What is the highest common divisor of o and v?
12
Suppose 47*h - 43*h + l - 4928 = 0, 0 = l. Calculate the highest common divisor of 77 and h.
77
Suppose -242*p - 5312 = -250*p. Calculate the greatest common factor of 415 and p.
83
Suppose a + 0*a - 30 = 2*y, 57 = 2*a - 3*y. Let r be 0 + (-30)/(-9)*3. Suppose -r*q = -5*q - 960. Calculate the highest common factor of a and q.
24
Suppose 95*d - 725 - 35 = 0. What is the greatest common factor of d and 10?
2
Let m = -37 + 92. Calculate the greatest common divisor of 11 and m.
11
Suppose 0 = 3*o - 4*o + 33. Let u(y) = 0*y - 2*y - 12 + 3*y + 0*y. Let g be u(15). Calculate the greatest common divisor of g and o.
3
Suppose 0 = -15*s + 11*s - 416. Let v = -102 - s. Let y(g) 